).
-138
Let z(h) = -h**2 + 123*h + 1026. Give z(-7).
116
Let f(z) = 21*z + 15. Calculate f(0).
15
Let l(j) = -2*j**3 - 6*j**2 - 38. What is l(-3)?
-38
Let z(b) = 255*b + 33. What is z(2)?
543
Let i(l) = -3480*l + 10437. Calculate i(3).
-3
Let h(r) = -7*r - 831. Calculate h(-69).
-348
Let r(q) = q**3 - 8*q**2 - 43*q + 50. Give r(-5).
-60
Let x(n) = 16*n - 180. What is x(13)?
28
Let z(x) = 6*x**3 + 4*x**2 + 87*x - 90. Give z(1).
7
Let a(i) = -8*i**2 + 1834*i - 7648. What is a(225)?
2
Let l(r) = 56*r**2 - 2*r. Give l(-1).
58
Let t(c) = 3*c**2 - 293*c + 175. What is t(97)?
-19
Let y(s) = 10*s**2 + 699*s - 67. What is y(-70)?
3
Let m(o) = -84*o + 10664. Determine m(127).
-4
Let p(f) = 4*f**3 + 191*f**2 - 49*f - 68. What is p(-48)?
-20
Let v(a) = a**3 - 11*a**2 + 29*a - 119. Determine v(9).
-20
Let q(k) = k**3 - 166*k**2 + 3974*k - 228. Determine q(137).
-91
Let b(q) = q**3 + 115*q**2 - 40*q - 4601. Give b(-115).
-1
Let z(f) = -3*f - 191. Determine z(-38).
-77
Let p(k) = 6*k**3 + 58*k**2 - 20*k - 16. What is p(-10)?
-16
Let g(u) = -35*u - 19. Calculate g(5).
-194
Let z(p) = 55*p - 2415. What is z(44)?
5
Let b(i) = -i**3 - 51*i**2 + 343*i + 9. What is b(6)?
15
Let g(a) = -2*a**2 - 50*a - 21. What is g(-23)?
71
Let z(g) = -7*g**3 + 116*g**2 + 63*g + 40. What is z(17)?
244
Let f(l) = 91*l + 103. Give f(-4).
-261
Let x(h) = 2*h**2 - 205*h - 3527. What is x(-15)?
-2
Let b(v) = -6*v - 86. Give b(-15).
4
Let u(x) = -13*x**2 + 769*x - 2320. Give u(56).
-24
Let v(y) = -469*y + 32819. Give v(70).
-11
Let c(f) = 2*f**3 - 85*f**2 + 127*f - 164. Give c(41).
0
Let l(t) = -70*t + 423. Calculate l(6).
3
Let z(i) = i**3 + 17*i**2 - 40*i - 394. Give z(-18).
2
Let c(u) = 3*u**3 - 15*u**2 - 27*u + 60. Give c(6).
6
Let m(r) = 3*r**2 - 92*r - 330. Determine m(33).
-99
Let b(z) = -14*z**2 + 29*z - 42. Calculate b(2).
-40
Let x(c) = c**3 - 7*c**2 + 8*c + 3. Calculate x(5).
-7
Let z(y) = 53*y + 269. Determine z(-5).
4
Let h(y) = 215*y + 429. What is h(-2)?
-1
Let a(g) = -g**2 - 171*g - 2206. What is a(-157)?
-8
Let m(x) = x**2 + 8*x - 32. What is m(5)?
33
Let f(n) = -n**2 - 66*n - 953. Calculate f(-23).
36
Let t(a) = -a**3 + 51*a - 4. What is t(6)?
86
Let n(y) = y**3 - 7*y**2 + 20*y - 185. What is n(7)?
-45
Let a(c) = 300*c + 732. What is a(-5)?
-768
Let w(s) = 5*s**2 - 37*s + 4. Determine w(11).
202
Let a(x) = 193*x - 178. Determine a(1).
15
Let x(i) = -3*i**2 - 35*i - 38. What is x(-13)?
-90
Let z(s) = s**3 - 2*s**2 - 14*s - 5. Give z(5).
0
Let q(t) = -t**3 + 2*t**2 - 135*t + 986. Give q(7).
-204
Let k(d) = -3*d**2 - 106*d + 204. Calculate k(2).
-20
Let a(n) = -70*n**2 - 7915*n - 566. Determine a(-113).
-1
Let l(g) = 3*g**3 - g**2 + 23*g + 49. Determine l(-5).
-466
Let r(h) = -h**2 - 915*h + 3649. Determine r(4).
-27
Let w(f) = 153*f - 42. Calculate w(-3).
-501
Let i(j) = -j**3 - 47*j**2 + 146*j - 194. Determine i(-50).
6
Let l(d) = 6*d + 244. What is l(-28)?
76
Let w(n) = -n**2 + 164*n - 3235. Determine w(20).
-355
Let l(c) = 167*c**2 + 2*c + 6. Calculate l(-1).
171
Let r(m) = 177*m**2 - 20*m + 1. Give r(-1).
198
Let l(u) = -u**3 - 12*u**2 + 31*u - 196. What is l(-15)?
14
Let v(j) = -j**2 + 21*j - 30. Calculate v(2).
8
Let p(k) = -k - 120. Determine p(17).
-137
Let a(h) = h**3 + 43*h**2 + 89*h - 37. Calculate a(-41).
-324
Let r(q) = -70*q**2 - 852*q - 15. Calculate r(-12).
129
Let b(f) = 6*f**2 + 2*f - 409. What is b(-9)?
59
Let q(p) = -4*p**2 + 52*p - 421. What is q(9)?
-277
Let v(j) = -64*j**2 + 361*j + 186. Give v(6).
48
Let o(u) = 3*u**2 + 10*u - 94. Determine o(4).
-6
Let c(m) = -4*m**3 + 140*m**2 + m - 65. Give c(35).
-30
Let j(m) = -m**3 - 15*m**2 + 191*m + 10. Give j(0).
10
Let w(o) = 2*o**3 + 55*o**2 - 30*o - 59. Determine w(-28).
-3
Let i(x) = -8020*x - 184466. What is i(-23)?
-6
Let a(d) = 6*d**2 - 172*d + 423. Determine a(26).
7
Let r(j) = -88*j. What is r(1)?
-88
Let u(n) = -2*n**3 - 24*n**2 + 27*n + 70. Give u(-13).
57
Let a(i) = 452*i - 2129. Determine a(4).
-321
Let f(m) = 10853*m - 75968. Determine f(7).
3
Let r(i) = -i**2 + 72*i - 1012. What is r(54)?
-40
Let u(s) = 2*s**2 + 32*s + 72. Calculate u(-18).
144
Let h(d) = -9*d**3 + 200*d**2 - 35*d - 56. Determine h(22).
142
Let a(z) = -z**2 - 17*z - 106. Determine a(-9).
-34
Let b(q) = 151*q + 15. What is b(0)?
15
Let x(j) = -4*j**2 + 12*j - 106. Give x(6).
-178
Let o(d) = -3*d**3 + 153*d**2 + 9030*d - 7. What is o(86)?
-7
Let w(a) = -26*a + 228. What is w(8)?
20
Let m(v) = 2025*v + 16203. Give m(-8).
3
Let d(t) = -2929*t + 8771. Determine d(3).
-16
Let k(c) = 49*c - 11. Determine k(3).
136
Let v(w) = -2982*w - 2990. Determine v(-1).
-8
Let b(f) = f**3 + 65*f**2 + 191*f + 304. Calculate b(-62).
-6
Let k(a) = -3920*a - 15603. What is k(-4)?
77
Let r(f) = 5989*f - 17968. Give r(3).
-1
Let i(n) = -12*n**3 + n**2 + 2*n - 7. What is i(-2)?
89
Let h(f) = 3*f - 377. What is h(0)?
-377
Let z(k) = -2*k**3 + 11*k**2 + 52*k + 42. Determine z(11).
-717
Let m(d) = -1243*d - 21117. Give m(-17).
14
Let i(c) = c**3 - 20*c**2 - 1353*c + 444. What is i(48)?
12
Let y(p) = p**2 + 18*p + 30. Calculate y(-16).
-2
Let a(g) = g**2 - 29*g - 550. What is a(43)?
52
Let t(i) = i**3 + 27*i**2 - 2*i - 16. What is t(-27)?
38
Let w(g) = g**2 + 1354*g + 13436. Determine w(-10).
-4
Let o(j) = 101*j + 15147. Calculate o(-150).
-3
Let x(t) = -2*t**2 - 139*t - 1278. Determine x(-11).
9
Let t(n) = 2*n**2 + 11*n - 116. Give t(-14).
122
Let k(b) = 7*b**3 - 13*b**2 + 9*b - 38. What is k(4)?
238
Let p(s) = s**3 + 69*s**2 + 261*s + 75. Determine p(-65).
10
Let a(r) = 4*r**2 - 127*r + 45. Determine a(31).
-48
Let k(t) = -7073*t + 7051. Calculate k(1).
-22
Let u(l) = 316*l + 929. Determine u(-3).
-19
Let i(t) = -3*t**2 - t + 1218. Give i(20).
-2
Let b(g) = -16*g**2 - 120*g - 8. What is b(-9)?
-224
Let b(v) = -837*v + 5960. Calculate b(7).
101
Let y(o) = -26*o**2 - 54*o - 290. Give y(-5).
-670
Let q(x) = -623*x - 19929. Give q(-32).
7
Let x(j) = -2*j**2 - 132*j + 19. Determine x(0).
19
Let d(q) = 21*q - 205. Calculate d(15).
110
Let m(d) = d**2 - 22*d - 13. Give m(11).
-134
Let r(q) = -7*q - 149. What is r(-23)?
12
Let z(v) = -8*v**3 - 8*v**2 + 5*v + 34. Calculate z(-3).
163
Let y(a) = -2*a**2 + 88*a - 717. Calculate y(33).
9
Let h(y) = 2*y - 64. Give h(38).
12
Let m(u) = 212*u - 208. Calculate m(1).
4
Let n(h) = 3*h**2 - 10*h - 146. Give n(9).
7
Let u(g) = 2886*g - 25977. Calculate u(9).
-3
Let w(j) = -j**2 - 382*j - 2232. Determine w(-6).
24
Let c(i) = 6*i - 351. Calculate c(50).
-51
Let b(l) = -291*l**2 + 7846*l + 295. Calculate b(27).
-2
Let g(n) = -n**3 - 17*n**2 - 30*n - 196. What is g(-16)?
28
Let c(u) = -4264*u - 29840. Give c(-7).
8
Let i(o) = -20*o + 1161. What is i(58)?
1
Let r(a) = -6*a**2 + 144*a - 279. Give r(22).
-15
Let d(j) = 209*j + 683. Determine d(-3).
56
Let w(p) = p**3 + 27*p**2 + 52*p - 9. Give w(-25).
-59
Let v(u) = 183*u + 422. Give v(-2).
56
Let n(a) = -48*a + 43. Calculate n(2).
-53
Let t(p) = -p**2 + 71*p + 2403. Determine t(-25).
3
Let s(i) = -2*i**3 - 20*i**2 - 5*i + 136. Give s(-9).
19
Let q(j) = 61*j**2 - 4*j + 5. Give q(1).
62
Let f(m) = -4*m**2 - m + 2. What is f(6)?
-148
Let y(x) = x**3 - x**2 - 15*x - 1. Give y(4).
-13
Let u(k) = k**3 + 6*k**2 + 19*k + 10. What is u(0)?
10
Let g(x) = 2*x**2 - 17*x + 280. What is g(13)?
397
Let r(o) = -7*o**2 - 16*o - 39. Give r(-3).
-54
Let v(r) = -r**2 + 22*r - 45. Calculate v(29).
-248
Let p(g) = 9*g**2 + 8*g - 44. Determine p(4).
132
Let q(x) = 24*x**2 + 878*x + 511. Determine q(-36).
7
Let s(n) = 2*n**2 - 36*n + 110. Determine s(14).
-2
Let j(q) = -6*q**2 - 38*q - 1. Give j(-6).
11
Let w(s) = 2*s**3 + 31*s**2 + 17*s + 35. Determine w(-15).
5
Let l(v) = 327*v - 36952. What is l(113)?
-1
Let w(p) = 2*p**2 - 4*p - 284. Calculate w(-11).
2
Let a(y) = y**3 + 8*y**2 - 36*y - 94. What is a(-2)?
2
Let m(w) = w**2 + 2*w - 588. Give m(23).
-13
Let n(p) = -p**3 - 6*p**2 + 249*p - 28. Determine n(13).
-2
Let u(g) = -g**2 + 9*g - 11. Calculate u(-5).
-81
Let a(b) = b**3 + 25*b**2 + 32*b - 118. Determine a(-23).
204
Let r(c) = 2*c**2 - 8*c - 199. What is r(0)?
-199
Let t(d) = -3*d**2 - 31*d + 168. Determine t(-20).
-412
Let m(j) = -70*j**2 + 975*j - 973. What is m(1)?
-68
Let s(w) = -3*w**2 - 20*w + 23. Give s(-7).
16
Let j(c) = -182*c - 6914. Determine j(-38).
2
Let z(n) = 1782*n - 5345.